pose r - 3*f + 57 = 67, 0 = -r - 5*f - 14. Let t(v) = 1 + 3*v**2 - 5*v**2 + v**2. Calculate t(r).
0
Let k(f) = f - 8. Let z be k(8). Let j(a) = a**3 - 3*a + 9. Let p be j(z). Suppose p*x = x + 64. Let s(r) = r - 1. Calculate s(x).
7
Let r(y) be the first derivative of y**4/6 + y**3/3 + 3*y**2/2 - 5*y - 2. Let f(a) be the first derivative of r(a). Calculate f(-2).
7
Let f be (85/10 + -9)/(2/60*3). Let t(a) be the third derivative of -a**5/60 - 5*a**4/24 - a**3 + a**2. Calculate t(f).
-6
Let b(g) = g - 7 + g + 0*g - 3*g. Let c = -11 - -26. Let j be (-1)/(48/c + -3). Calculate b(j).
-2
Let a = 6 + -1. Let s(o) = o - 4 + 0*o + a - 2*o. Let j be s(0). Let w(n) = 4*n**2 + n. Determine w(j).
5
Let l(n) = 7*n**2 - 22 + 8 + 9*n + 2 - n**3. Let c = -5 - 7. Let q = c + 20. Calculate l(q).
-4
Let a(b) be the second derivative of -b**3/6 - 3*b**2 - 2*b + 6. What is a(-5)?
-1
Let h(v) be the second derivative of 2*v**6/45 + v**5/120 - 5*v**3/6 + v. Let y(c) be the second derivative of h(c). Give y(-1).
15
Suppose -6*g + 36 = -24*g. Let l(w) be the first derivative of 2*w**3/3 - 3*w - 4. Let k(p) be the first derivative of l(p). Calculate k(g).
-8
Let z(o) = -o**3 + 2*o**2 - 2*o - 1. Suppose -3*c + 6*x - 11 = 5*x, 0 = -2*x + 10. Calculate z(c).
19
Let c(l) = l**3 - l**2 - l - 3. Suppose w - 5*x - 3 = 2*w, 0 = -w - 4*x - 2. Suppose 3*v - 2*k - 3 = k, v + w*k - 7 = 0. What is c(v)?
12
Suppose 13*n + 40 = 3*o + 14*n, 2*o - 4 = 5*n. Let k(r) = r - 13. What is k(o)?
-1
Let a(q) = -q**2 - 2. Let l be 3 + -1 - -4 - (-2)/(-1). Let z = l - 6. Give a(z).
-6
Suppose 0 = 3*h - 7 + 16. Let i(p) be the second derivative of -p**3/2 - 2*p**2 - p. Give i(h).
5
Let t be (5/(-2))/(6/(-12)). Suppose -t*v = -v. Let i(m) = -m**2 + m + 3. Let z be i(v). Let s(w) = -w**3 + 4*w**2 - w. Calculate s(z).
6
Let q(c) = 6*c + 1. Let k(l) = 2*l**2 - 24*l - 22. Let a be k(13). Suppose -8*g - 12 = a. Calculate q(g).
-11
Let u(l) = l**3 - 17*l**2 - 2. Let m(d) = -9*d - 28. Let c be m(-5). What is u(c)?
-2
Let i(j) = -5 + 8*j - 3 + 2 - 2*j + 4. What is i(2)?
10
Let g(u) = 17*u + 118. Let s be g(-7). Let o(i) = -13*i**3 + i**2 - i - 1. What is o(s)?
14
Let v(a) = -a**3 + 4*a + 3. Let d be v(-2). Let t(s) = -6*s**3 - 3*s**3 - s + 8*s**d + 2 + 8*s**2. Calculate t(8).
-6
Let z(j) = j**3 + 16*j**2 - j - 13. Let q be (3 + 56/(-24))/((-2)/48). Let r be z(q). Let s(d) = -d**3 + 3*d**2 - 3*d + 2. What is s(r)?
-7
Let j(x) = -x**3 - 4*x**2 + 7*x + 3. Let w = -439 + 434. Determine j(w).
-7
Let w(c) = 1 + 2 - 8 - 2*c**2 + 6 - 2*c. Let o = 5 - 7. What is w(o)?
-3
Let o(h) = -5. Let k(z) = -z**2 - 7*z - 27. Let s(f) = k(f) - 6*o(f). Suppose 2*g + 32 = -5*m, g + m + 5 = -5. Calculate s(g).
9
Let b(h) = h + 13. Let u be b(-10). Suppose q + 23 = 4*j, u*q + 2*j - 50 = 7*q. Let w = q - -6. Let y(d) = 2*d + 5. Determine y(w).
-5
Let c(i) = -4*i**2 - 6*i**2 + 11*i**2 + 4*i + 3 - 5*i**3. Let t(s) = s + 0*s**2 + 3*s**3 + s**2 - 4*s**3. Let d(y) = -c(y) + 4*t(y). Give d(-3).
-3
Suppose 7*i + 187 = 47. Let w(v) = -v - 29. What is w(i)?
-9
Let v(q) = -22*q**3 - 13*q**2 - 23*q + 20. Let j(r) = 31*r**3 + 20*r**2 + 34*r - 30. Let w(z) = 5*j(z) + 7*v(z). Determine w(-8).
-18
Let a(r) = -r - 8. Suppose t + 72 = -7*t. Let m(f) = 3*f + 33. Let o(c) = t*a(c) - 2*m(c). What is o(-5)?
-9
Let y(o) = -o**3 + 18*o**2 + 40*o. Suppose -6*l + 47 = -73. Give y(l).
0
Let g be 90/12*2/(-3)*1. Let p(z) = -5*z - 8. Calculate p(g).
17
Let w(i) = -76*i + 831. Let z be w(11). Let n(u) = -u**3 - 7*u**2 - 6. What is n(z)?
-56
Let y(n) = n. Let z(p) = -21*p - 1. Let c(b) = y(b) - z(b). Suppose 5*j + 13 = 8. Give c(j).
-21
Suppose 5*o + 106 = 391. Let h be o/9 + 1/(-3). Let j(c) = -6*c + 2*c - 2*c + 6 + c**2. Give j(h).
6
Let y(g) = 7*g**3 + 11*g**2 - 2*g - 13. Let m(i) = -3*i**3 - 5*i**2 + i + 6. Let p(b) = -5*m(b) - 2*y(b). Give p(-4).
-16
Suppose 0 = -0*y + 5*y - 30. Let x(v) be the second derivative of v**5/60 - v**4/3 + v**3 - 13*v. Let w(q) be the second derivative of x(q). Give w(y).
4
Let k be (1/(5/(-20)))/((-2)/(-5)). Let m(a) = a**3 + 11*a**2 + 10*a + 13. Calculate m(k).
13
Let w(s) be the first derivative of -s**4/4 + 5*s**3/3 - 2*s**2 + 4*s + 55. Give w(5).
-16
Let o(y) be the first derivative of -y**4/4 - y**3/3 + y**2 - 3*y + 166. What is o(2)?
-11
Let s(g) be the third derivative of g**5/15 - g**4/12 + g**3/6 + 116*g**2. Calculate s(1).
3
Let n(z) be the first derivative of z**3/3 - 6*z + 26. Calculate n(3).
3
Suppose -5*h + 0*h = -245. Suppose 0 = m + 5*i - 32, 3*i + 29 = 3*m - h. Let r = m + -22. Let x(w) = w**2 - 5*w - 6. Calculate x(r).
-6
Let y be (14 + 1)*3/9. Let m(i) be the first derivative of i**5/60 - i**4/4 - i**3/3 - i**2/2 - 5. Let q(z) be the second derivative of m(z). Calculate q(y).
-7
Suppose 0*i + 3*i = -6, 2*x = 4*i. Let q(s) = -s + 9. Let a(d) = 2*d - 16. Let p(v) = 3*a(v) + 5*q(v). What is p(x)?
-7
Suppose 0 = w - 5*z + 7, -2*z = 124*w - 121*w - 64. Let f(m) = -m**2 + 20*m - 42. Determine f(w).
-6
Let m(h) = -h - 5. Suppose -315 = 47*u - 12*u. Calculate m(u).
4
Let v(g) = -g**2 + 2*g - 2. Suppose 1122 = 4*p + 2*p. Let q be 87/17 + (-22)/p. Give v(q).
-17
Let q(z) = z**3 - 9*z**2 + 2*z + 1. Let w(l) = 114*l - 219. Let t be w(2). Calculate q(t).
19
Let t(g) be the third derivative of 0 + 0*g - 16*g**2 - 1/12*g**5 + 1/24*g**4 + 1/6*g**3. Determine t(-1).
-5
Let x(f) be the first derivative of -2*f**3/3 + 7*f**2/2 + f + 368. Determine x(3).
4
Let i be (0/(-7) - 1)/((-1)/6). Let b(a) = -5*a**3 + 2 + 0 + i*a**3 + 8*a**2 + 8. Give b(-8).
10
Let g(t) = -t - 6. Suppose 151*m = 147*m - 44. What is g(m)?
5
Suppose -5*q + 2 = -13. Let v(d) = 5*d**2 - d + 5 - 9 + q - d**3. Determine v(2).
9
Let c = 33 - 31. Let a(u) = c - 4*u + 3 - 6 + 7*u. Give a(2).
5
Suppose -o - 2*k = -14, o - k - 33 = -22. Let p(q) = q**2 - 13*q + 14. What is p(o)?
2
Let u = 14 + 2. Suppose -2*z - 4*c = z - u, 22 = 3*z + c. Let g(j) = 19 + j - z - 9. Give g(-3).
-1
Let s(t) = 23*t + 13. Let v(l) = -25*l - 15. Let b(n) = 7*s(n) + 6*v(n). Calculate b(-1).
-10
Let k(r) be the first derivative of -1/6*r**4 + 2/3*r**3 - r - 1 - r**2. Let x(j) be the first derivative of k(j). Calculate x(3).
-8
Suppose -15*a + 26*a = -44. Let v(h) = h - 3. Calculate v(a).
-7
Let u(w) = -w**2 - w. Let o be (-2)/2*(-19 + 21). Let b(g) = 3*g**2 + 7*g + 5. Let f(q) = o*u(q) - b(q). Let i be f(-5). Let k(s) = -s**2 - 6*s + 3. Give k(i).
8
Let h(v) = 7*v**2 + 7*v + 16. Let a(c) = -5*c**2 - 5*c - 16. Let q(n) = -4*a(n) - 3*h(n). Determine q(0).
16
Let r be 9 - ((1 - -3) + 7). Let q(j) = -3*j**3 - 3*j**2 - j + 2. Calculate q(r).
16
Let b(r) = -r**2 + 8*r + 1. Let w(j) = j**3 + 5*j**2 + 3*j + 3. Let p be w(-3). Let i(q) = -q**3 + 13*q**2 - 10*q - 18. Let t be i(p). Determine b(t).
13
Let s(b) = -b**3 + 4*b**2 + b - 3. Let a(z) = 17*z**2 - 69*z + 7. Let c be a(4). Give s(c).
9
Let g = 2269 + -2280. Let f(w) = w + 7. Give f(g).
-4
Let f = 4 - 1. Suppose 95 = 12*c + 11. Let b(g) = c + 2*g + 3 - 3 - 3*g. Give b(f).
4
Let g(h) = -12*h**3 + 10*h**2 + 3*h - 6. Let l(o) = 7*o**3 - 5*o**2 - o + 4. Let w(m) = 4*g(m) + 7*l(m). Calculate w(-4).
0
Let w(j) = j**3 + 5*j**2 - 15*j - 5. Let u be w(-7). Let p(m) = 2*m - 3*m + 2 - u. What is p(-1)?
1
Suppose -h = h - 8. Let n(q) be the third derivative of -q**5/20 + 7*q**4/24 - 2*q**3/3 + 412*q**2. Calculate n(h).
-24
Let m(t) = -t**3 + 5*t**2 - 5*t + 1. Let r be (-2)/10 - (1 + 182/(-35)). Let v be 12/r*(-8)/(-6). Calculate m(v).
-3
Suppose 24*q = 166 + 50. Let j(p) = -p**2 + 11*p - 21. Calculate j(q).
-3
Let a(v) = v**2 - 3*v - 6. Let i = -3 + 1. Let k be 24 - 0/i - 1. Suppose 0 = 5*w - k - 2. Calculate a(w).
4
Let m(s) be the first derivative of -2*s**2 - 59. Calculate m(2).
-8
Suppose 0*u = -5*u - 4*i + 19, 2*u - 8 = -2*i. Suppose -u*h + 6 = -6. Let p(n) = -n + 3. Determine p(h).
-1
Let c be -1 + (2 - (-8 + 3)). Let l(u) = 8*u - 26*u**3 - c*u**2 + 25*u**3 - 8 - u. Determine l(-7).
-8
Let s(d) = -3*d + 1. Let i(f) = -3*f + 1. Let m = -15 - -17. Suppose -k + 0*k + 3*n = -3, -4*k = m*n + 16. Let h(x) = k*s(x) + 4*i(x). Calculate h(-3).
10
Let i(m) = 2*m. Suppose 2*u = -2*o + 7*u + 96, o = -u + 62. Let y = o + -56. Determine i(y).
4
Let b(q) = -2*q**3 + 2*q**2 + 2*q - 1. Let h be (-99)/22*16/(-18). Let z be (2 - -1) + (h - 5). Give b(z).
-5
Let q